{"id":28,"date":"2016-08-22T17:36:07","date_gmt":"2016-08-22T15:36:07","guid":{"rendered":"http:\/\/trans-hurt.pl\/?page_id=28"},"modified":"2021-01-02T20:36:07","modified_gmt":"2021-01-02T19:36:07","slug":"kontakt","status":"publish","type":"page","link":"https:\/\/trans-hurt.pl\/index.php\/kontakt\/","title":{"rendered":"Kontakt"},"content":{"rendered":"<h3><strong>Siedziba firmy i adres korespondencyjny:<\/strong><\/h3>\n<p>P.P.H.U. Trans-Hurt<\/p>\n<p>Robert Kucharski<\/p>\n<p>ul. Asnyka 5<\/p>\n<p>26-630 Jedlnia &#8211; Letnisko<\/p>\n<p>NIP 796-000-24-15<\/p>\n<p><img loading=\"lazy\" class=\" wp-image-30 alignleft\" src=\"http:\/\/trans-hurt.pl\/wp-content\/uploads\/2016\/08\/symbolem-telefonu-o-uszny-z-okr\u0105g\u0142ym-przewodem-ok_318-49659.png-150x150.jpg\" alt=\"symbolem-telefonu-o-uszny-z-okr\u0105g\u0142ym-przewodem-ok_318-49659.png\" width=\"26\" height=\"26\" srcset=\"https:\/\/trans-hurt.pl\/wp-content\/uploads\/2016\/08\/symbolem-telefonu-o-uszny-z-okr\u0105g\u0142ym-przewodem-ok_318-49659.png-150x150.jpg 150w, https:\/\/trans-hurt.pl\/wp-content\/uploads\/2016\/08\/symbolem-telefonu-o-uszny-z-okr\u0105g\u0142ym-przewodem-ok_318-49659.png-300x300.jpg 300w, https:\/\/trans-hurt.pl\/wp-content\/uploads\/2016\/08\/symbolem-telefonu-o-uszny-z-okr\u0105g\u0142ym-przewodem-ok_318-49659.png.jpg 626w\" sizes=\"(max-width: 26px) 100vw, 26px\" \/><\/p>\n<p>48 48 322 20 22<\/p>\n<p><img loading=\"lazy\" class=\"alignleft wp-image-29\" src=\"http:\/\/trans-hurt.pl\/wp-content\/uploads\/2016\/08\/12462-200-150x150.png\" width=\"31\" height=\"31\" srcset=\"https:\/\/trans-hurt.pl\/wp-content\/uploads\/2016\/08\/12462-200-150x150.png 150w, https:\/\/trans-hurt.pl\/wp-content\/uploads\/2016\/08\/12462-200.png 200w\" sizes=\"(max-width: 31px) 100vw, 31px\" \/>biuro@trans-hurt.pl<\/p>\n<hr \/>\n<h3>Mydlarnia &#8222;Powr\u00f3t do Natury&#8221;<\/h3>\n<p>ul. Kozienicka 5<\/p>\n<p>26-903 G\u0142owacz\u00f3w<\/p>\n<p><a href=\"http:\/\/www.powrotdonatury.eu\">http:\/\/www.powrotdonatury.eu<\/a><\/p>\n<p><img loading=\"lazy\" class=\" wp-image-30 alignleft\" src=\"http:\/\/trans-hurt.pl\/wp-content\/uploads\/2016\/08\/symbolem-telefonu-o-uszny-z-okr\u0105g\u0142ym-przewodem-ok_318-49659.png-150x150.jpg\" alt=\"symbolem-telefonu-o-uszny-z-okr\u0105g\u0142ym-przewodem-ok_318-49659.png\" width=\"26\" height=\"26\" srcset=\"https:\/\/trans-hurt.pl\/wp-content\/uploads\/2016\/08\/symbolem-telefonu-o-uszny-z-okr\u0105g\u0142ym-przewodem-ok_318-49659.png-150x150.jpg 150w, https:\/\/trans-hurt.pl\/wp-content\/uploads\/2016\/08\/symbolem-telefonu-o-uszny-z-okr\u0105g\u0142ym-przewodem-ok_318-49659.png-300x300.jpg 300w, https:\/\/trans-hurt.pl\/wp-content\/uploads\/2016\/08\/symbolem-telefonu-o-uszny-z-okr\u0105g\u0142ym-przewodem-ok_318-49659.png.jpg 626w\" sizes=\"(max-width: 26px) 100vw, 26px\" \/><\/p>\n<p>+48 48 623 15 18<\/p>\n<p><img loading=\"lazy\" class=\"alignleft wp-image-29\" src=\"http:\/\/trans-hurt.pl\/wp-content\/uploads\/2016\/08\/12462-200-150x150.png\" width=\"31\" height=\"31\" srcset=\"https:\/\/trans-hurt.pl\/wp-content\/uploads\/2016\/08\/12462-200-150x150.png 150w, https:\/\/trans-hurt.pl\/wp-content\/uploads\/2016\/08\/12462-200.png 200w\" sizes=\"(max-width: 31px) 100vw, 31px\" \/>biuro@powrotdonatury.eu<\/p>\n","protected":false},"excerpt":{"rendered":"<p>Siedziba firmy i adres korespondencyjny: P.P.H.U. Trans-Hurt Robert Kucharski ul. Asnyka 5 26-630 Jedlnia &#8211; Letnisko NIP 796-000-24-15 48 48 322 20 22 biuro@trans-hurt.pl Mydlarnia &#8222;Powr\u00f3t do Natury&#8221; ul. Kozienicka 5 26-903 G\u0142owacz\u00f3w http:\/\/www.powrotdonatury.eu +48 48 623 15 18 biuro@powrotdonatury.eu<\/p>\n","protected":false},"author":1,"featured_media":0,"parent":0,"menu_order":0,"comment_status":"closed","ping_status":"closed","template":"","meta":[],"_links":{"self":[{"href":"https:\/\/trans-hurt.pl\/index.php\/wp-json\/wp\/v2\/pages\/28"}],"collection":[{"href":"https:\/\/trans-hurt.pl\/index.php\/wp-json\/wp\/v2\/pages"}],"about":[{"href":"https:\/\/trans-hurt.pl\/index.php\/wp-json\/wp\/v2\/types\/page"}],"author":[{"embeddable":true,"href":"https:\/\/trans-hurt.pl\/index.php\/wp-json\/wp\/v2\/users\/1"}],"replies":[{"embeddable":true,"href":"https:\/\/trans-hurt.pl\/index.php\/wp-json\/wp\/v2\/comments?post=28"}],"version-history":[{"count":7,"href":"https:\/\/trans-hurt.pl\/index.php\/wp-json\/wp\/v2\/pages\/28\/revisions"}],"predecessor-version":[{"id":150,"href":"https:\/\/trans-hurt.pl\/index.php\/wp-json\/wp\/v2\/pages\/28\/revisions\/150"}],"wp:attachment":[{"href":"https:\/\/trans-hurt.pl\/index.php\/wp-json\/wp\/v2\/media?parent=28"}],"curies":[{"name":"wp","href":"https:\/\/api.w.org\/{rel}","templated":true}]}}